ens digit of h?
1
Suppose -4*n = -9*n + 1480. Suppose 18*g = 26*g - n. What is the tens digit of g?
3
Let s = 11 - 11. Suppose -5*m + 2*m = s. Suppose 4*b - 28 - 40 = m. What is the tens digit of b?
1
Suppose -2*u - 2*u = -3*v + 1750, 3*u = 4*v - 2331. What is the hundreds digit of v?
5
Let c(d) = 47*d**2 + 17*d + 53. What is the units digit of c(-4)?
7
Let h = -14 + 14. Suppose h = 5*m - 21 - 19. What is the units digit of m?
8
Let u(v) = v**2 + 7*v - 14. Let y(g) = g**2 + 8*g - 15. Let h(k) = 5*u(k) - 4*y(k). Let q be h(-7). What is the tens digit of 178/3 - 6/q?
5
Let g be 17*(2 + -1) - -2. Suppose y - g - 113 = 0. What is the units digit of y?
2
Let u be 10/4*(-6)/5*-113. Suppose 22*i + u = 25*i. What is the tens digit of i?
1
Suppose 4*b + b = -115. Let p = b + 44. What is the units digit of p?
1
Let b = -13 - -11. What is the units digit of ((1 - b) + 24/(-10))*15?
9
Let b(z) = 2*z**2 - 5*z - 8. Let c(w) = w**3 + w**2 + w + 6. Let g be (-4)/(-14) + (-6)/21. Let j be c(g). What is the units digit of b(j)?
4
What is the hundreds digit of (-153)/102 - 819/(-6)?
1
Let u(s) = 8*s - 10. Let z be u(6). Suppose -852 = -z*o + 32*o. What is the tens digit of o?
4
Let s be 30/4*30/25. Suppose 3*o - 4*o = -s. What is the units digit of o?
9
Let u(b) = b + 7. Let r be u(-3). Suppose -r*f - 23 = -139. Let w = -19 + f. What is the units digit of w?
0
Let x = -1458 - -2338. What is the tens digit of x?
8
What is the hundreds digit of ((-5)/(-2))/((-15)/(-3342))?
5
Let t(c) = 10*c - 69. Let g be t(-22). Let q = g - -513. What is the units digit of q?
4
Let c(l) = -l**2 - 100*l + 303. What is the hundreds digit of c(-73)?
2
What is the tens digit of 8/40*885*(-8)/(-3)?
7
Let q(v) = 304*v + 84. What is the hundreds digit of q(2)?
6
What is the tens digit of -3 - -1 - (-4 - 1359)?
6
Let f = 91 - 66. What is the tens digit of (-10)/f + 902/5?
8
Let z = -1486 - -3361. What is the tens digit of z?
7
Let l = -17 + 21. Suppose l = -4*z, 4*z = -d + z + 12. What is the tens digit of d?
1
What is the units digit of 4/(-20)*0 - -88?
8
Suppose 3*h = i - 108, 11*i - 13*i + h = -221. What is the hundreds digit of i?
1
Let g be (-2)/(2/(-91)) - 2. Let u = -68 + g. What is the units digit of u?
1
Suppose 0 = 8*l - 2058 + 458. What is the hundreds digit of l?
2
Suppose 0 = 4*x + 2*i + 156, -6 = 3*i - 6*i. Let f = -19 - x. What is the tens digit of f?
2
Let t be 12160/100 - (-4)/10. Suppose -366 = -2*b + 4*y + t, 0 = 5*b + 2*y - 1160. What is the hundreds digit of b?
2
Suppose -4*u + 327 + 197 = 4*i, 2*i = -u + 136. Suppose 6*b = -b + u. Let c = 22 - b. What is the units digit of c?
4
Let i(u) be the first derivative of 2*u - 4 - u**2 + 1/3*u**3. What is the tens digit of i(5)?
1
Let q(r) = -4*r**3 - 4*r**2 - 8*r - 43. What is the tens digit of q(-4)?
8
Let n = 13 - 3. Suppose -2*q + n = y - 4, 3*y = 6. What is the tens digit of q/4*(0 - -8)?
1
Suppose -4*g + 50 = 10. Let p = -12 + g. What is the tens digit of p/(-3) + 170/15?
1
Let k(t) = t**3 + 3*t**2 - t + 1. Let s be k(-3). Suppose 14*b - 1983 = 5*r + 18*b, 0 = -2*r - 3*b - 789. What is the tens digit of s/(-10) - r/35?
1
Suppose -6*l + 3830 = -526. What is the units digit of l?
6
Let i(s) = 2*s + 157. Let z be i(0). Suppose 4*c - 4*h - 407 = c, c = -4*h + z. What is the hundreds digit of c?
1
Suppose -2*w - 19*o = -14*o - 5661, 3*w + o - 8459 = 0. What is the hundreds digit of w?
8
Suppose -2 + 5 = -t. What is the tens digit of (-6)/(-9) - 190/t?
6
Suppose 0 = 3*w + 3*f - 1317, -7*f - 5 = -6*f. What is the units digit of w?
4
Let a = 19 + -7. Suppose -u + 5*u + 4*c = 568, a = 4*c. What is the hundreds digit of u?
1
Let b(c) = c**3 + 29*c**2 - 11*c + 33. What is the units digit of b(-26)?
7
Suppose 0 = 21*m - 10*m - 22935. What is the hundreds digit of m?
0
Let c be 28*(10/(-15) - (-7)/6). Suppose 3*p = -4*m + 595, c = m - p - 133. What is the hundreds digit of m?
1
Suppose 0 = -i + p - 3 - 92, -3*i + 2*p - 286 = 0. Let f be (1/(-2))/(3/i). Suppose 104 = 2*m + f. What is the units digit of m?
4
What is the hundreds digit of 6/(-16) - (-9)/(504/15869)?
2
Let n(d) = d**3 - 5*d + 5. Suppose -5 = -5*y + 5. Let p be n(y). Suppose -4*k + 162 = p*f, -5*f + 88 = -3*k + 5*k. What is the tens digit of k?
3
What is the hundreds digit of 8/(-20) - -108*415/50?
8
Suppose 3*k + 42 = 17*k. Suppose -2*g - 26 = -k*g. What is the units digit of g?
6
Let p(z) = z**2. Let g be p(3). Let q be (-72)/15*(g - -1). Let f = -21 - q. What is the units digit of f?
7
Let z be (-1)/(-1 - (-6)/8). Suppose 0*q = 4*q, 324 = 2*p + z*q. What is the units digit of p?
2
Suppose -317*o + 326*o - 20988 = 0. What is the units digit of o?
2
Let o = -1092 - -1608. What is the tens digit of o?
1
Suppose -158*f - 28 = -160*f. What is the tens digit of f?
1
Let o = -55 - -55. Suppose o = -0*a - 4*a + 288. What is the units digit of a?
2
Let y = 16 - 29. Let b(r) = -r**2 - 21*r - 11. What is the units digit of b(y)?
3
Suppose -3*y - 11 = 7. Let s be ((-208)/y)/(4/12). Suppose -5*d = 20, 4*l - s = -3*d + d. What is the units digit of l?
8
Let m be (-10)/(-15) + 4/(-6). Suppose m = 5*c - 22 - 183. What is the units digit of c?
1
Let c = -1325 + 2270. What is the hundreds digit of c?
9
What is the hundreds digit of (-14368)/(-24) - (1/(-3) - -1)?
5
Let r(k) = -k**3 - 15*k**2 + 11*k - 37. Suppose 0 = -v + g - 14, -24 = 4*v - 2*v - 4*g. What is the units digit of r(v)?
3
Suppose -6*d = -d - 20. Suppose -3*g = 4*q - 88, 3*g - q = d*q + 79. Suppose -64 = -4*s + g. What is the units digit of s?
3
Suppose 30216 = -19*p + 43*p. What is the tens digit of p?
5
Let s be -1 - 2 - ((-3)/1 + 5). What is the units digit of 74/(-185) + (-417)/s + -1?
2
Let y(p) = 8*p + 21 + p**2 + 4*p - 19. Let s be y(-12). Suppose 0 = 5*f - a - 58, 0*a + 3*a = -s*f + 13. What is the tens digit of f?
1
Let n(p) = 10*p**3 - 2*p**2 - p + 2. Let f be n(3). Suppose 0 = 4*b + l - 400, -5*l = -2*b + f - 29. What is the tens digit of b?
0
What is the tens digit of -1*8/20 - 5354/(-10)?
3
Let k be 18/36*(17 + 1). Let z be k/3 + 3*4. Suppose 2*m - z = 7. What is the units digit of m?
1
Suppose -2*s - 24660 = -5*c, -2*c - 2*s + 5157 = -4693. Suppose c = 17*g + 1343. What is the hundreds digit of g?
2
Let t(v) = 2*v**2 + 7*v + 5. Let u(w) = w**2 + w. Let b(x) = -t(x) + u(x). Let a be b(-5). What is the tens digit of a - (-51 - (4 - 7))?
4
Let r = 5 - 2. Suppose -v = -4*a + 420, -5*a + v - r*v + 538 = 0. What is the hundreds digit of a?
1
Suppose 0*i + j = -i - 5, j = -5*i - 5. What is the tens digit of 2 - 40/(-4 + i)?
1
Suppose 2*a = -13 - 15. Let k = -23 - a. What is the units digit of 2/k + (-1414)/(-126)?
1
What is the hundreds digit of 1/5 - ((-43368)/(-15))/(-4)?
7
Let c(d) = d**2 - 11*d - 62. What is the hundreds digit of c(-19)?
5
Suppose -4*a + 3*z = -1745, -9*a = -4*a - 3*z - 2179. What is the hundreds digit of a?
4
Suppose -10 - 15 = -5*z. Suppose -z*u = q + 24, -3*u + 0*q - 4*q = 28. What is the units digit of ((-7)/u)/((-1)/(-20))?
5
Let s(g) = 5*g**2 - 126*g - 65. What is the hundreds digit of s(30)?
6
Suppose -26*k + 24*k - 3554 = -2*p, -2*k = p - 1789. What is the hundreds digit of p?
7
Suppose 3*q = -101*j + 103*j + 2892, -4*q + 3879 = 5*j. What is the hundreds digit of q?
9
Let l = -62 + 44. Let g = -3 - l. What is the units digit of g?
5
Let y = 652 - 439. Suppose 214 + y = 3*x - 4*c, -149 = -x - 2*c. What is the tens digit of x?
4
Let b(m) = 4*m**2 + 12*m. Let x(f) = 3*f**2 + 11*f + 1. Let n(s) = -4*b(s) + 5*x(s). What is the units digit of n(7)?
5
Suppose -2*f + 5*j = -0*j + 1112, -f + 2*j - 556 = 0. What is the tens digit of 2/10 + f/(-20)?
2
Let f(q) = 8*q**2. Let a be f(-1). Suppose 0 = -m + 5*m + a. Let j = m - -8. What is the units digit of j?
6
Suppose -21*y - 34592 = -67*y. What is the hundreds digit of y?
7
Let m be (2/5)/(2 + 57/(-30)). Suppose g + 3*g = m*x + 116, -g - x = -23. What is the tens digit of g?
2
What is the tens digit of (-2)/((-28)/38182) + (-14)/49?
2
Let d(t) = -5*t**2 + 3*t. Let x(g) = 5*g**2 - 3*g + 1. Let k(j) = -4*d(j) - 3*x(j). What is the units digit of k(-3)?
1
Let a(u) = u**3 + u**2. Let x(g) = 4*g**3 - 7*g**2. Let v(b) = -5*a(b) + x(b). Let q be v(-12). Suppose q = 7*j - 3*j - 84. What is the tens digit of j?
2
Let p be (4/6)/((-8)/804). Let h = p +